 the remainder when 4900 is divided by 59.
3
What is the remainder when 2345 is divided by 332?
21
What is the remainder when 2611 is divided by 418?
103
Calculate the remainder when 6495 is divided by 29.
28
What is the remainder when 63209 is divided by 20?
9
What is the remainder when 10801 is divided by 115?
106
What is the remainder when 77041 is divided by 64?
49
Calculate the remainder when 17969 is divided by 4490.
9
Calculate the remainder when 4023 is divided by 88.
63
Calculate the remainder when 2803 is divided by 1313.
177
What is the remainder when 112064 is divided by 28014?
8
Calculate the remainder when 19506 is divided by 594.
498
Calculate the remainder when 53709 is divided by 98.
5
What is the remainder when 526684 is divided by 745?
714
What is the remainder when 2963 is divided by 1447?
69
What is the remainder when 5034 is divided by 1638?
120
What is the remainder when 3087 is divided by 479?
213
Calculate the remainder when 26912 is divided by 8960.
32
What is the remainder when 2308 is divided by 44?
20
Calculate the remainder when 15779 is divided by 36.
11
Calculate the remainder when 6099658 is divided by 35.
33
Calculate the remainder when 295392 is divided by 19.
18
Calculate the remainder when 76497 is divided by 62.
51
What is the remainder when 112609 is divided by 41?
23
Calculate the remainder when 12146 is divided by 1125.
896
Calculate the remainder when 46816 is divided by 54.
52
Calculate the remainder when 305849 is divided by 46.
41
Calculate the remainder when 1917137 is divided by 29.
5
Calculate the remainder when 2439 is divided by 271.
0
What is the remainder when 39520 is divided by 29?
22
What is the remainder when 154628 is divided by 249?
248
What is the remainder when 1541 is divided by 209?
78
Calculate the remainder when 21892 is divided by 353.
6
Calculate the remainder when 19418 is divided by 6467.
17
Calculate the remainder when 17418 is divided by 223.
24
Calculate the remainder when 136941 is divided by 229.
228
Calculate the remainder when 9801 is divided by 4875.
51
Calculate the remainder when 8591 is divided by 490.
261
What is the remainder when 17510 is divided by 230?
30
What is the remainder when 23399 is divided by 312?
311
What is the remainder when 150490 is divided by 20?
10
What is the remainder when 4557 is divided by 919?
881
Calculate the remainder when 1567 is divided by 60.
7
Calculate the remainder when 16455 is divided by 5485.
0
Calculate the remainder when 13479 is divided by 1575.
879
Calculate the remainder when 453476 is divided by 453469.
7
What is the remainder when 8832 is divided by 421?
412
Calculate the remainder when 9536798 is divided by 728.
726
What is the remainder when 4799 is divided by 3953?
846
Calculate the remainder when 10724 is divided by 66.
32
Calculate the remainder when 6718398 is divided by 650.
648
Calculate the remainder when 10725 is divided by 38.
9
Calculate the remainder when 26721 is divided by 6653.
109
What is the remainder when 26626 is divided by 142?
72
Calculate the remainder when 26810 is divided by 82.
78
Calculate the remainder when 119 is divided by 21.
14
Calculate the remainder when 6666 is divided by 780.
426
Calculate the remainder when 54800 is divided by 13678.
88
What is the remainder when 242207 is divided by 60551?
3
What is the remainder when 68234 is divided by 23?
16
What is the remainder when 13919 is divided by 284?
3
What is the remainder when 40445 is divided by 113?
104
What is the remainder when 9719 is divided by 130?
99
Calculate the remainder when 69009 is divided by 148.
41
Calculate the remainder when 13813 is divided by 987.
982
What is the remainder when 401060 is divided by 127?
121
Calculate the remainder when 2769 is divided by 698.
675
Calculate the remainder when 2034 is divided by 405.
9
What is the remainder when 2485 is divided by 13?
2
What is the remainder when 4366858 is divided by 60?
58
Calculate the remainder when 4123 is divided by 318.
307
Calculate the remainder when 11824 is divided by 162.
160
What is the remainder when 3337 is divided by 59?
33
What is the remainder when 5727 is divided by 339?
303
What is the remainder when 1049946 is divided by 16?
10
Calculate the remainder when 3240566 is divided by 83.
80
Calculate the remainder when 205311 is divided by 24.
15
What is the remainder when 1331658 is divided by 110971?
6
What is the remainder when 61598 is divided by 30799?
0
What is the remainder when 2915966 is divided by 22?
20
Calculate the remainder when 3719 is divided by 255.
149
What is the remainder when 15996 is divided by 3189?
51
Calculate the remainder when 93 is divided by 65.
28
Calculate the remainder when 73083 is divided by 44.
43
What is the remainder when 1818 is divided by 261?
252
What is the remainder when 107717 is divided by 67?
48
Calculate the remainder when 22034 is divided by 782.
138
What is the remainder when 33568 is divided by 1612?
1328
What is the remainder when 22327 is divided by 22?
19
Calculate the remainder when 2510 is divided by 1234.
42
Calculate the remainder when 5952 is divided by 743.
8
What is the remainder when 63170 is divided by 421?
20
Calculate the remainder when 561 is divided by 508.
53
What is the remainder when 13343 is divided by 267?
260
Calculate the remainder when 4254 is divided by 857.
826
What is the remainder when 296085 is divided by 78?
75
What is the remainder when 8562 is divided by 1316?
666
Calculate the remainder when 80502 is divided by 385.
37
Calculate the remainder when 5615 is divided by 917.
113
Calculate the remainder when 3892 is divided by 787.
744
Calculate the remainder when 8711 is divided by 884.
755
Calculate the remainder when 11972 is divided by 750.
722
What is the remainder when 67106 is divided by 656?
194
Calculate the remainder when 3240 is divided by 812.
804
Calculate the remainder when 394417 is divided by 1289.
1272
Calculate the remainder when 35203 is divided by 467.
178
What is the remainder when 6030 is divided by 858?
24
What is the remainder when 7910 is divided by 88?
78
Calculate the remainder when 21727 is divided by 37.
8
Calculate the remainder when 17341 is divided by 24.
13
Calculate the remainder when 7124966 is divided by 30.
26
Calculate the remainder when 4356611 is divided by 88.
83
What is the remainder when 20657 is divided by 111?
11
Calculate the remainder when 1792 is divided by 1557.
235
Calculate the remainder when 5223 is divided by 82.
57
What is the remainder when 114045 is divided by 864?
861
What is the remainder when 486131 is divided by 4?
3
Calculate the remainder when 20430 is divided by 16.
14
What is the remainder when 41742 is divided by 165?
162
Calculate the remainder when 29441 is divided by 7.
6
What is the remainder when 676620 is divided by 26?
22
Calculate the remainder when 4259 is divided by 725.
634
Calculate the remainder when 429 is divided by 356.
73
What is the remainder when 9360 is divided by 40?
0
Calculate the remainder when 27800 is divided by 335.
330
Calculate the remainder when 26825 is divided by 52.
45
Calculate the remainder when 12806 is divided by 233.
224
What is the remainder when 363328 is divided by 45?
43
Calculate the remainder when 1717 is divided by 91.
79
Calculate the remainder when 5950 is divided by 2957.
36
Calculate the remainder when 4903 is divided by 409.
404
Calculate the remainder when 5239 is divided by 76.
71
What is the remainder when 46754 is divided by 63?
8
What is the remainder when 231843 is divided by 42?
3
What is the remainder when 4349 is divided by 67?
61
What is the remainder when 3755 is divided by 109?
49
What is the remainder when 3131 is divided by 3127?
4
What is the remainder when 162440 is divided by 162384?
56
Calculate the remainder when 4809880 is divided by 13.
10
What is the remainder when 1168459 is divided by 37?
36
What is the remainder when 1060860 is divided by 23?
8
What is the remainder when 28933 is divided by 4796?
157
What is the remainder when 10821680 is divided by 13?
12
What is the remainder when 14383 is divided by 184?
31
Calculate the remainder when 24653 is divided by 8209.
26
Calculate the remainder when 217174 is divided by 4721.
8
Calculate the